{"version":"1.0","provider_name":"Euskadiko Mugikortasun eta Logistika Klusterra","provider_url":"https:\/\/mlcluster.com\/eu\/","title":"El sector ITS vasco se presenta en Dubai - Euskadiko Mugikortasun eta Logistika Klusterra","type":"rich","width":600,"height":338,"html":"<blockquote class=\"wp-embedded-content\" data-secret=\"327iUFKlQ8\"><a href=\"https:\/\/mlcluster.com\/eu\/el-sector-its-vasco-se-presenta-en-dubai\/\">El sector ITS vasco se presenta en Dubai<\/a><\/blockquote><iframe sandbox=\"allow-scripts\" security=\"restricted\" src=\"https:\/\/mlcluster.com\/eu\/el-sector-its-vasco-se-presenta-en-dubai\/embed\/#?secret=327iUFKlQ8\" width=\"600\" height=\"338\" title=\"&#8220;El sector ITS vasco se presenta en Dubai&#8221; &#8212; Euskadiko Mugikortasun eta Logistika Klusterra\" data-secret=\"327iUFKlQ8\" frameborder=\"0\" marginwidth=\"0\" marginheight=\"0\" scrolling=\"no\" class=\"wp-embedded-content\"><\/iframe><script>\n\/*! This file is auto-generated *\/\n!function(d,l){\"use strict\";l.querySelector&&d.addEventListener&&\"undefined\"!=typeof URL&&(d.wp=d.wp||{},d.wp.receiveEmbedMessage||(d.wp.receiveEmbedMessage=function(e){var t=e.data;if((t||t.secret||t.message||t.value)&&!\/[^a-zA-Z0-9]\/.test(t.secret)){for(var s,r,n,a=l.querySelectorAll('iframe[data-secret=\"'+t.secret+'\"]'),o=l.querySelectorAll('blockquote[data-secret=\"'+t.secret+'\"]'),c=new RegExp(\"^https?:$\",\"i\"),i=0;i<o.length;i++)o[i].style.display=\"none\";for(i=0;i<a.length;i++)s=a[i],e.source===s.contentWindow&&(s.removeAttribute(\"style\"),\"height\"===t.message?(1e3<(r=parseInt(t.value,10))?r=1e3:~~r<200&&(r=200),s.height=r):\"link\"===t.message&&(r=new URL(s.getAttribute(\"src\")),n=new URL(t.value),c.test(n.protocol))&&n.host===r.host&&l.activeElement===s&&(d.top.location.href=t.value))}},d.addEventListener(\"message\",d.wp.receiveEmbedMessage,!1),l.addEventListener(\"DOMContentLoaded\",function(){for(var e,t,s=l.querySelectorAll(\"iframe.wp-embedded-content\"),r=0;r<s.length;r++)(t=(e=s[r]).getAttribute(\"data-secret\"))||(t=Math.random().toString(36).substring(2,12),e.src+=\"#?secret=\"+t,e.setAttribute(\"data-secret\",t)),e.contentWindow.postMessage({message:\"ready\",secret:t},\"*\")},!1)))}(window,document);\n<\/script>\n","thumbnail_url":"https:\/\/mlcluster.com\/wp-content\/uploads\/2024\/09\/Stand-ITS-World-Congress.jpg","thumbnail_width":1866,"thumbnail_height":1641,"description":"Esta semana, el Cl\u00faster de Movilidad y Log\u00edstica de Euskadi est\u00e1 participando en el ITS World Congress, doble evento congresual y ferial, l\u00edder a nivel mundial en el sector industrial de las tecnolog\u00edas inteligentes de transporte (ITS por sus siglas en ingl\u00e9s). La trig\u00e9sima edici\u00f3n de este encuentro se est\u00e1 celebrando en Dubai, desde el&hellip;"}

Esta semana, el Clúster de Movilidad y Logística de Euskadi está participando en el ITS World Congress, doble evento congresual y ferial, líder a nivel mundial en el sector industrial de las tecnologías inteligentes de transporte (ITS por sus siglas en inglés). La trigésima edición de este encuentro se está celebrando en Dubai, desde el&hellip;
