{"version":"1.0","provider_name":"Euskadiko Mugikortasun eta Logistika Klusterra","provider_url":"https:\/\/mlcluster.com\/eu\/","title":"Impulsando la Movilidad El\u00e9ctrica Jornadas del cl\u00faster, Otras Jornadas del Cl\u00faster - Euskadiko Mugikortasun eta Logistika Klusterra","type":"rich","width":600,"height":338,"html":"<blockquote class=\"wp-embedded-content\" data-secret=\"xbA37HG2Ce\"><a href=\"https:\/\/mlcluster.com\/eu\/evento\/impulsando-la-movilidad-electrica\/\">Impulsando la Movilidad El\u00e9ctrica<\/a><\/blockquote><iframe sandbox=\"allow-scripts\" security=\"restricted\" src=\"https:\/\/mlcluster.com\/eu\/evento\/impulsando-la-movilidad-electrica\/embed\/#?secret=xbA37HG2Ce\" width=\"600\" height=\"338\" title=\"&#8220;Impulsando la Movilidad El\u00e9ctrica&#8221; &#8212; Euskadiko Mugikortasun eta Logistika Klusterra\" data-secret=\"xbA37HG2Ce\" frameborder=\"0\" marginwidth=\"0\" marginheight=\"0\" scrolling=\"no\" class=\"wp-embedded-content\"><\/iframe><script>\n\/*! This file is auto-generated *\/\n!function(d,l){\"use strict\";l.querySelector&&d.addEventListener&&\"undefined\"!=typeof URL&&(d.wp=d.wp||{},d.wp.receiveEmbedMessage||(d.wp.receiveEmbedMessage=function(e){var t=e.data;if((t||t.secret||t.message||t.value)&&!\/[^a-zA-Z0-9]\/.test(t.secret)){for(var s,r,n,a=l.querySelectorAll('iframe[data-secret=\"'+t.secret+'\"]'),o=l.querySelectorAll('blockquote[data-secret=\"'+t.secret+'\"]'),c=new RegExp(\"^https?:$\",\"i\"),i=0;i<o.length;i++)o[i].style.display=\"none\";for(i=0;i<a.length;i++)s=a[i],e.source===s.contentWindow&&(s.removeAttribute(\"style\"),\"height\"===t.message?(1e3<(r=parseInt(t.value,10))?r=1e3:~~r<200&&(r=200),s.height=r):\"link\"===t.message&&(r=new URL(s.getAttribute(\"src\")),n=new URL(t.value),c.test(n.protocol))&&n.host===r.host&&l.activeElement===s&&(d.top.location.href=t.value))}},d.addEventListener(\"message\",d.wp.receiveEmbedMessage,!1),l.addEventListener(\"DOMContentLoaded\",function(){for(var e,t,s=l.querySelectorAll(\"iframe.wp-embedded-content\"),r=0;r<s.length;r++)(t=(e=s[r]).getAttribute(\"data-secret\"))||(t=Math.random().toString(36).substring(2,12),e.src+=\"#?secret=\"+t,e.setAttribute(\"data-secret\",t)),e.contentWindow.postMessage({message:\"ready\",secret:t},\"*\")},!1)))}(window,document);\n<\/script>\n","description":"\u00bfTe gustar\u00eda adaptar las infraestructuras de recarga de veh\u00edculos el\u00e9ctricos para tu clientela? \u00bfQuieres adaptarlas para los trabajadores? La Mancomunidad Urola Kosta, con el objetivo de fomentar la movilidad sostenible, tiene previsto trabajar con las empresas, personas emprendedoras e instituciones en esta materia. Para ello, durante el 2022, pondr\u00e1 en marcha diferentes acciones en colaboraci\u00f3n&hellip;"}

Impulsando la Movilidad Eléctrica Jornadas del clúster, Otras Jornadas del Clúster - Euskadiko Mugikortasun eta Logistika Klusterra

<blockquote class="wp-embedded-content" data-secret="xbA37HG2Ce"><a href="https://mlcluster.com/eu/evento/impulsando-la-movilidad-electrica/">Impulsando la Movilidad Eléctrica</a></blockquote><iframe sandbox="allow-scripts" security="restricted" src="https://mlcluster.com/eu/evento/impulsando-la-movilidad-electrica/embed/#?secret=xbA37HG2Ce" width="600" height="338" title="&#8220;Impulsando la Movilidad Eléctrica&#8221; &#8212; Euskadiko Mugikortasun eta Logistika Klusterra" data-secret="xbA37HG2Ce" frameborder="0" marginwidth="0" marginheight="0" scrolling="no" class="wp-embedded-content"></iframe><script>
/*! This file is auto-generated */
!function(d,l){"use strict";l.querySelector&&d.addEventListener&&"undefined"!=typeof URL&&(d.wp=d.wp||{},d.wp.receiveEmbedMessage||(d.wp.receiveEmbedMessage=function(e){var t=e.data;if((t||t.secret||t.message||t.value)&&!/[^a-zA-Z0-9]/.test(t.secret)){for(var s,r,n,a=l.querySelectorAll('iframe[data-secret="'+t.secret+'"]'),o=l.querySelectorAll('blockquote[data-secret="'+t.secret+'"]'),c=new RegExp("^https?:$","i"),i=0;i<o.length;i++)o[i].style.display="none";for(i=0;i<a.length;i++)s=a[i],e.source===s.contentWindow&&(s.removeAttribute("style"),"height"===t.message?(1e3<(r=parseInt(t.value,10))?r=1e3:~~r<200&&(r=200),s.height=r):"link"===t.message&&(r=new URL(s.getAttribute("src")),n=new URL(t.value),c.test(n.protocol))&&n.host===r.host&&l.activeElement===s&&(d.top.location.href=t.value))}},d.addEventListener("message",d.wp.receiveEmbedMessage,!1),l.addEventListener("DOMContentLoaded",function(){for(var e,t,s=l.querySelectorAll("iframe.wp-embedded-content"),r=0;r<s.length;r++)(t=(e=s[r]).getAttribute("data-secret"))||(t=Math.random().toString(36).substring(2,12),e.src+="#?secret="+t,e.setAttribute("data-secret",t)),e.contentWindow.postMessage({message:"ready",secret:t},"*")},!1)))}(window,document);
</script>

¿Te gustaría adaptar las infraestructuras de recarga de vehículos eléctricos para tu clientela? ¿Quieres adaptarlas para los trabajadores? La Mancomunidad Urola Kosta, con el objetivo de fomentar la movilidad sostenible, tiene previsto trabajar con las empresas, personas emprendedoras e instituciones en esta materia. Para ello, durante el 2022, pondrá en marcha diferentes acciones en colaboración&hellip;
