{"version":"1.0","provider_name":"Euskadiko Mugikortasun eta Logistika Klusterra","provider_url":"https:\/\/mlcluster.com\/eu\/","title":"Webinar - Oportunidades sectoriales en Oriente Medio Jornadas del cl\u00faster, Otras Jornadas del Cl\u00faster - Euskadiko Mugikortasun eta Logistika Klusterra","type":"rich","width":600,"height":338,"html":"<blockquote class=\"wp-embedded-content\" data-secret=\"cfd4iPFNnV\"><a href=\"https:\/\/mlcluster.com\/eu\/evento\/its-world-congress-dubai-oportunidades-en-oriente-medio\/\">Webinar &#8211; Oportunidades sectoriales en Oriente Medio<\/a><\/blockquote><iframe sandbox=\"allow-scripts\" security=\"restricted\" src=\"https:\/\/mlcluster.com\/eu\/evento\/its-world-congress-dubai-oportunidades-en-oriente-medio\/embed\/#?secret=cfd4iPFNnV\" width=\"600\" height=\"338\" title=\"&#8220;Webinar &#8211; Oportunidades sectoriales en Oriente Medio&#8221; &#8212; Euskadiko Mugikortasun eta Logistika Klusterra\" data-secret=\"cfd4iPFNnV\" frameborder=\"0\" marginwidth=\"0\" marginheight=\"0\" scrolling=\"no\" class=\"wp-embedded-content\"><\/iframe><script>\n\/*! This file is auto-generated *\/\n!function(d,l){\"use strict\";l.querySelector&&d.addEventListener&&\"undefined\"!=typeof URL&&(d.wp=d.wp||{},d.wp.receiveEmbedMessage||(d.wp.receiveEmbedMessage=function(e){var t=e.data;if((t||t.secret||t.message||t.value)&&!\/[^a-zA-Z0-9]\/.test(t.secret)){for(var s,r,n,a=l.querySelectorAll('iframe[data-secret=\"'+t.secret+'\"]'),o=l.querySelectorAll('blockquote[data-secret=\"'+t.secret+'\"]'),c=new RegExp(\"^https?:$\",\"i\"),i=0;i<o.length;i++)o[i].style.display=\"none\";for(i=0;i<a.length;i++)s=a[i],e.source===s.contentWindow&&(s.removeAttribute(\"style\"),\"height\"===t.message?(1e3<(r=parseInt(t.value,10))?r=1e3:~~r<200&&(r=200),s.height=r):\"link\"===t.message&&(r=new URL(s.getAttribute(\"src\")),n=new URL(t.value),c.test(n.protocol))&&n.host===r.host&&l.activeElement===s&&(d.top.location.href=t.value))}},d.addEventListener(\"message\",d.wp.receiveEmbedMessage,!1),l.addEventListener(\"DOMContentLoaded\",function(){for(var e,t,s=l.querySelectorAll(\"iframe.wp-embedded-content\"),r=0;r<s.length;r++)(t=(e=s[r]).getAttribute(\"data-secret\"))||(t=Math.random().toString(36).substring(2,12),e.src+=\"#?secret=\"+t,e.setAttribute(\"data-secret\",t)),e.contentWindow.postMessage({message:\"ready\",secret:t},\"*\")},!1)))}(window,document);\n<\/script>\n","description":"Del 16 al 20 de septiembre, el Cl\u00faster participar\u00e1 en ITS World Congress, que se celebrar\u00e1 en Dubai. Con este motivo, organizamos esta sesi\u00f3n online, en colaboraci\u00f3n con la consultora de internacionalizaci\u00f3n ieTeam. Durante la sesi\u00f3n, expertos de esa consultora, con oficina de representaci\u00f3n all\u00ed, presentar\u00e1n un resumen de algunas de las oportunidades que la&hellip;"}

Webinar - Oportunidades sectoriales en Oriente Medio Jornadas del clúster, Otras Jornadas del Clúster - Euskadiko Mugikortasun eta Logistika Klusterra

Del 16 al 20 de septiembre, el Clúster participará en ITS World Congress, que se celebrará en Dubai. Con este motivo, organizamos esta sesión online, en colaboración con la consultora de internacionalización ieTeam. Durante la sesión, expertos de esa consultora, con oficina de representación allí, presentarán un resumen de algunas de las oportunidades que la&hellip;
